991 prime?
False
Is 22331449 a prime number?
False
Is 11209945 prime?
False
Is 545859601 a prime number?
False
Is 1703016685 a prime number?
False
Is 9990389 prime?
True
Is 1307153 a prime number?
True
Is 4653163 a composite number?
True
Is 54616559 prime?
False
Is 64255003 composite?
False
Is 28787177 composite?
False
Is 7142563 a prime number?
True
Is 15711643 a prime number?
False
Is 22114478 a prime number?
False
Is 14015431 prime?
True
Is 1272419935 a composite number?
True
Is 7835097 prime?
False
Is 736900673 composite?
False
Is 48990829 composite?
False
Is 1317601 a composite number?
True
Is 17643749 composite?
False
Is 24685274 a prime number?
False
Is 1849979 a composite number?
False
Is 115082939 a prime number?
True
Is 46958381 prime?
True
Is 405930065 composite?
True
Is 34759979 composite?
False
Is 52536527 a composite number?
False
Is 63968891 a composite number?
True
Is 4752623 a composite number?
False
Is 13288603 composite?
False
Is 98714683 composite?
True
Is 3751801 a prime number?
True
Is 3335642 a composite number?
True
Is 8242323 composite?
True
Is 1392289 a prime number?
False
Is 13619461 a composite number?
True
Is 310952263 composite?
False
Is 239557 composite?
False
Is 293941 composite?
False
Is 5818003 a prime number?
False
Is 166056971 composite?
True
Is 139039 composite?
True
Is 105591247 a composite number?
False
Is 20253347 a composite number?
False
Is 472201 a composite number?
True
Is 604393 a prime number?
False
Is 15317033 a prime number?
True
Is 1582753 prime?
True
Is 17007751 prime?
True
Is 970819 prime?
False
Is 15158653 a composite number?
False
Is 11243353 a prime number?
False
Is 991879 a prime number?
False
Is 16754267 a prime number?
True
Is 1997531 a composite number?
False
Is 88922861 a prime number?
True
Is 1691134 a prime number?
False
Is 258221447 composite?
True
Is 2264027 prime?
True
Is 20986561 a prime number?
True
Is 255032123 composite?
False
Is 540777651 a composite number?
True
Is 14562563 a composite number?
False
Is 136891529 prime?
False
Is 5069395 a prime number?
False
Is 7305161 composite?
False
Is 47480189 a prime number?
False
Is 33275573 prime?
False
Is 10215971 composite?
False
Is 6349433 a composite number?
False
Is 13193347 prime?
False
Is 128261357 composite?
True
Is 155690893 composite?
True
Is 64932719 composite?
True
Is 35079901 composite?
False
Is 3735843 prime?
False
Is 8698477 a prime number?
False
Is 127979863 a prime number?
False
Is 18827017 a prime number?
False
Is 2869159 composite?
False
Is 396860677 a prime number?
False
Is 3848161 prime?
True
Is 1096613 composite?
True
Is 7153567 composite?
False
Is 15430889 composite?
True
Is 128485529 composite?
False
Is 19760329 prime?
True
Is 1162177 composite?
True
Is 8775049 prime?
False
Is 271968847 prime?
False
Is 15594401 a prime number?
True
Is 5206693 a prime number?
False
Is 642779 composite?
False
Is 2607355 composite?
True
Is 18339033 prime?
False
Is 37264631 prime?
True
Is 15292811 a prime number?
True
Is 33477793 composite?
False
Is 30905527 a composite number?
False
Is 40376051 composite?
False
Is 10312567 prime?
True
Is 909263155 a composite number?
True
Is 70580995 a prime number?
False
Is 83978779 prime?
True
Is 4727809 composite?
False
Is 1436387 composite?
False
Is 624059569 a composite number?
True
Is 2018333 a composite number?
False
Is 1117387 composite?
True
Is 25045093 a composite number?
False
Is 35290921 a composite number?
False
Is 2098715 composite?
True
Is 46861393 a composite number?
False
Is 200795779 a composite number?
True
Is 36242753 a prime number?
True
Is 32747999 a composite number?
False
Is 1161203 a prime number?
True
Is 70477481 a prime number?
True
Is 40510571 composite?
True
Is 5219863 a composite number?
True
Is 423169 a prime number?
False
Is 23681319 a prime number?
False
Is 42013457 composite?
True
Is 5454191 composite?
True
Is 3187343 a composite number?
False
Is 7669969 composite?
True
Is 16643369 prime?
False
Is 9529501 a prime number?
True
Is 2888953 a prime number?
True
Is 64865233 a composite number?
False
Is 231085221 a prime number?
False
Is 1162153 a composite number?
True
Is 386234047 a composite number?
False
Is 31281079 prime?
True
Is 25999387 a prime number?
True
Is 5220749 a prime number?
True
Is 2775517 a prime number?
True
Is 3409339 a composite number?
False
Is 1125771 composite?
True
Is 1137831 composite?
True
Is 5298977 composite?
False
Is 35764093 prime?
True
Is 18568409 a prime number?
True
Is 138604777 prime?
True
Is 14917291 composite?
True
Is 7653391 a prime number?
True
Is 12515311 composite?
False
Is 30567289 a prime number?
True
Is 7138723 a composite number?
False
Is 1294081 prime?
True
Is 33590435 a composite number?
True
Is 98524859 a composite number?
False
Is 208760687 prime?
False
Is 396989 prime?
False
Is 2221383 prime?
False
Is 57119659 a composite number?
False
Is 23961967 a prime number?
True
Is 103823822 composite?
True
Is 3745589 a composite number?
False
Is 364241 composite?
False
Is 1494853 a composite number?
False
Is 6163351 prime?
True
Is 84279457 composite?
False
Is 8970953 prime?
True
Is 83119343 a prime number?
True
Is 654267743 a composite number?
True
Is 1749829 composite?
True
Is 125743793 prime?
False
Is 16865213 composite?
False
Is 28225429 a composite number?
True
Is 17173697 a composite number?
False
Is 80430131 a composite number?
False
Is 25863973 composite?
True
Is 4679621 composite?
False
Is 1502246 composite?
True
Is 46200977 prime?
True
Is 18023633 composite?
False
Is 11375579 prime?
False
Is 141216277 a prime number?
True
Is 22838957 composite?
True
Is 2243719 a prime number?
False
Is 54652733 a prime number?
False
Is 31937177 a composite number?
False
Is 2803501 a composite number?
True
Is 8837567 prime?
True
Is 76783547 prime?
False
Is 1016009 a prime number?
True
Is 71679761 composite?
True
Is 856271 prime?
False
Is 152300507 a prime number?
False
Is 1071529 prime?
True
Is 2172037 prime?
False
Is 141917651 a prime number?
True
Is 354243 prime?
False
Is 71539991 a composite number?
False
Is 7030607 a composite number?
True
Is 34155127 a prime number?
False
Is 15050859 composite?
True
Is 66098257 composite?
False
Is 50401793 a composite number?
True
Is 2622007 a composite number?
True
Is 147279817 composite?
True
Is 4815281 prime?
True
Is 13210313 a composite number?
False
Is 2549863 a composite number?
False
Is 69434347 a composite number?
False
Is 46024643 a composite number?
True
Is 137477 a prime number?
True
Is 28048177 a composite number?
True
Is 14168443 a composite number?
True
Is 39004993 composite?
True
Is 101388673 a prime number?
True
Is 3115214 a prime number?
False
Is 4265411 a prime number?
False
Is 8963579 composite?
False
Is 22971511 a prime number?
False
Is 75099757 prime?
True
Is 245186219 a composite number?
False
Is 276485281 composite?
False
Is 69507302 composite?
True
Is 3091555 prime?
False
Is 43464167 composite?
False
Is 89789243 a prime number?
True
Is 203800759 a composite number?
False
Is 861173 prime?
False
Is 1944389 a prime number?
True
Is 5460089 composite?
True
Is 1716523 prime?
False
Is 16759681 a composite number?
False
Is 74732551 a composite number?
False
Is 187607 a prime number?
False
Is 248579 a composite number?
False
Is 26375201 composite?
False
Is 2775853 a composite number?
True
Is 22204109 a prime number?
True
Is 28654237 a composite number?
False
Is 461316677 prime?
True
Is 9577213 composite?
True
Is 10358329 a prime number?
True
Is 5433119 a prime number?
True
Is 4566401 a composite number?
True
Is 44519191 a prime number?
False
Is 6944083 composite?
False
Is 3311941 a composite number?
False
Is 282095273 composite?
False
Is 638481565 a composite number?
True
Is 21222893 prime?
False
Is 120326173 prime?
False
Is 78000661 a composite number?
True
Is 12579239 composite?
False
Is 4942789 composite?
True
Is 60352967 a composite number?
False
Is 127753253 prime?
False
Is 2749729 a composite number?
True
Is 147427733 a composite number?
False
Is 2231209 prime?
True
Is 6387443 a prime number?
False
Is 19497941 a prime number?
True
Is 6106123 prime?
True
Is 103319 a prime number?
True
Is 13516309 a prime number?
False
Is 40881187 composite?
False
Is 2686777 composite?
False
Is 3